at is the highest common divisor of n and w?
24
Suppose 5*m = -0*o + 3*o + 321, -5*o = -15. Calculate the greatest common divisor of 11 and m.
11
Suppose -h = 5*z - 116, 5*z - 5*h - 15 - 95 = 0. Calculate the greatest common divisor of 207 and z.
23
Let t = -35 - -71. What is the greatest common divisor of 24 and t?
12
Suppose 0 = -3*f + 12, f - 33 = -p + 139. Calculate the greatest common factor of 24 and p.
24
Let p(x) = 10*x**2 + 2*x. Let n be p(-2). What is the greatest common divisor of n and 18?
18
Suppose -31 = -4*t - a, -5*t = 2*a - 0 - 35. Calculate the highest common factor of 1 and t.
1
Let u(o) = o**3 + 8*o**2 + 5*o - 6. Let k(t) = -t**3 - 4*t**2 + 7*t + 3. Let p be k(-5). Let b be u(p). What is the highest common factor of b and 12?
4
Suppose 4*b + 4*w - 4 = 0, 3*w + 8 = 4*b - 3. Suppose -2*x - 2*p + 70 = -68, x - b*p - 72 = 0. What is the greatest common factor of x and 14?
14
Let p(f) = f**2 + 4. Let l be p(0). Suppose l*x - 54 = -j, -3*x + 3*j + j + 31 = 0. What is the highest common factor of x and 65?
13
Suppose 2*i - 13 = 11. What is the highest common divisor of 6 and i?
6
Let y be (2/2 + 36)*-1. Let x = 19 + y. Let d = x - -28. What is the greatest common divisor of d and 70?
10
Let r(y) = -3*y. Let x(v) = 0*v**2 - v**2 + 4*v + 2*v**2. Let t(z) = 2*r(z) + 3*x(z). Let n be t(5). What is the highest common divisor of 15 and n?
15
Let y(c) = -c**3 + 22*c**2 - 2*c + 46. Let a be y(22). What is the greatest common factor of 4 and a?
2
Let p = 79 - 43. What is the greatest common divisor of 12 and p?
12
Suppose 0 = -6*n + 11 + 55. What is the highest common divisor of n and 77?
11
Let b be (-6)/(-8) + 82/8. What is the highest common divisor of 11 and b?
11
Suppose -5*s + 29 = -496. Calculate the greatest common divisor of s and 15.
15
Let m be 18/(-4) - 2/4. Let z be (m + 4)/(2/(-10)). What is the greatest common factor of z and 40?
5
Suppose 5*r - 11 = 4. Suppose r*u - 5*i = -2 + 5, 3*u - 3 = 4*i. Calculate the greatest common divisor of u and 9.
1
Suppose 5*m = -r + 28, 96 = 5*r + 4*m - m. Calculate the highest common factor of r and 9.
9
Let d be (1 + (-32)/(-6))/((-2)/(-6)). What is the greatest common divisor of d and 19?
19
Let c = -19 + 49. Suppose 2*t - 4*p = 30, -2*t + 25 = t - 2*p. Suppose -3*d + t = -31. Calculate the highest common factor of d and c.
6
Let p(u) = -u**2 - 8*u + 12. Let b be p(-7). What is the greatest common factor of 19 and b?
19
Let n(c) = c**2 - 5*c. Let d be n(4). Let b be (d/6)/(6/(-135)). What is the highest common factor of 30 and b?
15
Suppose 0 = z + 10. Let d be (-172)/(-20) - 4/z. What is the greatest common divisor of d and 54?
9
Suppose q + 726 = 4*q. Let b = q - 143. What is the highest common divisor of 9 and b?
9
Let y be ((-12)/66 + (-82)/(-88))*180. What is the highest common divisor of 15 and y?
15
Let f be (-2)/(-6) + 28*(-42)/(-36). What is the greatest common factor of f and 11?
11
Let m = 2 + 3. Let i(p) be the third derivative of -p**5/60 + 7*p**4/24 - 5*p**3/6 + 2*p**2. Let g be i(m). Calculate the greatest common factor of g and 15.
5
Suppose 0 = 3*u + 47 - 212. What is the highest common divisor of u and 22?
11
Let c be -4 + 25 - 6*1/2. What is the highest common divisor of c and 27?
9
Suppose 3*q - 4*y + 7 = 0, 3*q - q = 2*y - 4. Let u be (1/(-2))/(q/24). Suppose 19*x - 69 = 7. Calculate the greatest common divisor of u and x.
4
Suppose 7*v - 40 = 5*v. Let h be (-20)/(v/(-12) - -1). Let d be -2*(-3 - -2) - -4. What is the highest common divisor of d and h?
6
Suppose -12 = -o + 3. Suppose -o = -4*j + 9. What is the greatest common divisor of j and 42?
6
Let v(m) = -m**2 - 13*m - 4. Let s be v(-12). What is the highest common factor of s and 80?
8
Let h = -9 + 3. Let j be (-6)/18 + (-128)/h. Calculate the greatest common factor of j and 105.
21
Suppose 4*v = -8 + 24. What is the greatest common divisor of v and 32?
4
Let a be (-16)/(-12)*6/4. Suppose 3*b - a - 4 = 0. What is the greatest common divisor of 16 and b?
2
Let h(q) = 2*q + 1. Let z be h(6). Let w = 26 + 0. What is the greatest common divisor of z and w?
13
Let j be 56/6*(-15)/(-10). Let l be ((-14)/4)/(1/(-10)). Calculate the greatest common factor of l and j.
7
Let c(l) = l**2 + 4*l + 4. Let k be c(-4). Suppose -k*t - 144 = -2*n - 6*t, -4*n = t - 279. Calculate the greatest common divisor of n and 46.
23
Suppose -5*i - 15 = -s, -71 - 31 = -3*s - 4*i. Calculate the highest common divisor of 6 and s.
6
Let v(f) = 3*f**2 + 7*f + 5. Let r be v(-5). Suppose 0 = -0*j - 3*j + 15. What is the greatest common factor of j and r?
5
Let l be (-1)/((2/(-2))/7). What is the highest common factor of 28 and l?
7
Let k = 24 + -17. Suppose t - z = 40, 0 = 5*t - 3*z + 6*z - 160. Calculate the greatest common divisor of t and k.
7
Let n = -4 + 6. Let k = n - -15. Let x(h) = h**3 + 10*h**2 + 4*h - 11. Let u be x(-9). Calculate the highest common divisor of k and u.
17
Suppose -3*a = -8*a + 15. Suppose 4*f + a*p = -2*p - 1, -3*p = 4*f - 9. Let b be ((-9)/f)/(2/(-4)). What is the highest common divisor of b and 3?
3
Let v = -26 + 37. Let f = 11 + 8. Let o = f + -8. Calculate the greatest common divisor of v and o.
11
Let u be -1*11*-1 + 2. Suppose -y - 2*y + 48 = o, 3*y = 9. Suppose 0 = -3*b + 6*b - o. Calculate the highest common divisor of b and u.
13
Let d(z) = 39*z - 3. Suppose -2*n - 2*n = 0. Suppose 3*o - 16 + 4 = n. Let y be d(o). What is the greatest common factor of 17 and y?
17
Let n = 146 - 91. Suppose 0 = 6*d - 3*d - 6. Let r be (-450)/(-42) - d/(-7). Calculate the highest common divisor of n and r.
11
Let w(m) = m**3 + 8*m**2 - m - 4. Let n be w(-8). Let s be 2*(0 + -1) + 7. Suppose -6*x + s*x = -4. Calculate the highest common divisor of n and x.
4
Let w be (-2)/(-6)*(8 + (-2 - 3)). Calculate the greatest common divisor of 7 and w.
1
Let r be 1*-1 + -7 + 11. Suppose -a = -r*a + 24. Calculate the greatest common divisor of a and 24.
12
Suppose 0 = -2*x + m + 59, 4*x - 160 = -3*m - 27. Calculate the highest common factor of 31 and x.
31
Let s = 3 - -2. Let t(g) = 1 - 2 - s*g + 15*g - 1. Let b be t(9). What is the highest common divisor of b and 8?
8
Let c = 91 - 86. Let k(q) = -4*q**2 + q**3 - 3*q**2 + 7 + 7*q - 3*q. Let n be k(7). Calculate the highest common divisor of c and n.
5
Let s(k) = k**3 + 11*k**2 + 11*k + 15. Let j be s(-10). What is the highest common factor of 10 and j?
5
Suppose 4*z = -41 + 189. Suppose 0 = d - z - 44. Let p(a) = -3*a - 6. Let s be p(-5). What is the highest common divisor of d and s?
9
Let i(d) = -11*d - 10. Let p be i(-2). What is the highest common factor of p and 3?
3
Suppose 3*j + 2*q = 63, 2*j = 3*j + 5*q - 21. Suppose 77 + j = f. What is the greatest common divisor of 14 and f?
14
Suppose -10*l + 12*l - 4 = 0. Suppose -3*t + 20 = l*t. What is the highest common factor of 1 and t?
1
Let m be (-2)/9 + 28/(-36). Let l be 1 - m - -1 - 2. What is the greatest common factor of l and 1?
1
Let m = 93 - 48. Suppose -v + m = 2*v + 5*f, v = -3*f + 19. Calculate the highest common divisor of v and 10.
10
Let r = 2 + 10. Suppose c - r = -c. What is the highest common factor of 66 and c?
6
Let n(c) be the second derivative of c**4/12 + c**3 - 3*c. Let s be n(5). Calculate the highest common factor of s and 5.
5
Suppose 4*f = 16, -4*z + 52 = 2*f - 6*f. Suppose r - z = 7. Let v = -24 - -60. Calculate the highest common factor of v and r.
12
Suppose -3*h + 48 = -q + 4*q, 3*q + 80 = 5*h. What is the greatest common factor of h and 64?
16
Let t(d) = 3*d + 3. Let m be t(-3). Let w be m/(-33) + (-130)/(-11). Suppose 2*z - 16 = -2*z. What is the highest common factor of z and w?
4
Suppose 3*m - 439 = -49. Suppose n - m = -n. Let a = n - -7. What is the greatest common factor of a and 9?
9
Let b be (-1 + -1)*1 + 50. Let v = 32 - 20. What is the greatest common divisor of b and v?
12
Let c(n) = -n**3 - 15*n**2 - 18*n - 2. Let x be c(-14). Suppose 0 = 3*u - 24 - x. What is the greatest common factor of 39 and u?
13
Let x be (-2)/(-3)*(-39)/(-2). Suppose -y - 4*y + 130 = 0. Calculate the highest common factor of y and x.
13
Let q = -10 + 20. Let c(u) = 14*u**2 + 2*u - 1. Let t be c(-4). Let v = t + -105. Calculate the highest common factor of q and v.
10
Let h(c) = c**3 - 17*c**2 - 17*c - 8. Let b be h(18).